9983 prime?
True
Is 1184941 a prime number?
False
Is 11048497 composite?
True
Is 8395841 a prime number?
False
Is 1331103 composite?
True
Is 14441983 a prime number?
True
Is 18757793 a composite number?
False
Is 2143369 a composite number?
False
Is 4696143 prime?
False
Is 2901631 a composite number?
True
Is 1716241 prime?
True
Is 7245565 prime?
False
Is 79229 a composite number?
False
Is 1694569 a composite number?
True
Is 840907 a composite number?
False
Is 1628983 a composite number?
False
Is 4379707 a composite number?
False
Is 3580219 a prime number?
False
Is 164573219 a composite number?
True
Is 24381701 a composite number?
False
Is 33355603 a composite number?
True
Is 5580391 prime?
True
Is 35511521 prime?
False
Is 33504071 a composite number?
False
Is 6196549 a prime number?
True
Is 33422171 a prime number?
False
Is 268271291 a prime number?
True
Is 12742291 composite?
True
Is 2592899 composite?
False
Is 225042989 composite?
False
Is 16018309 prime?
False
Is 7893773 a composite number?
False
Is 28751 composite?
False
Is 68265793 a prime number?
True
Is 61849 a composite number?
True
Is 3053249 a composite number?
False
Is 135539517 a prime number?
False
Is 515789 a prime number?
False
Is 244939 a composite number?
False
Is 136265 a prime number?
False
Is 2629621 composite?
False
Is 26967839 prime?
True
Is 11944537 composite?
True
Is 23355998 a composite number?
True
Is 7600403 prime?
True
Is 94895891 a composite number?
False
Is 17527733 prime?
True
Is 4692869 composite?
False
Is 24215383 composite?
True
Is 9172489 a composite number?
True
Is 121211 prime?
False
Is 555193 a composite number?
True
Is 66097747 prime?
True
Is 253424123 a prime number?
True
Is 12087259 composite?
True
Is 81501253 composite?
False
Is 67372213 a prime number?
True
Is 337637 a composite number?
True
Is 6774886 a prime number?
False
Is 67553831 a composite number?
False
Is 4650427 a prime number?
True
Is 25489147 prime?
True
Is 5942647 prime?
True
Is 5199423 prime?
False
Is 237694559 a composite number?
True
Is 22493629 a prime number?
True
Is 13134577 a prime number?
True
Is 16468933 a composite number?
True
Is 7342437 a composite number?
True
Is 3775767 a prime number?
False
Is 4490527 composite?
True
Is 26397931 a composite number?
True
Is 55876279 composite?
True
Is 1569955 prime?
False
Is 99501247 a composite number?
False
Is 3120217 a composite number?
False
Is 5175637 prime?
True
Is 16343491 a composite number?
False
Is 4823111 a prime number?
True
Is 14844233 prime?
False
Is 45789833 composite?
True
Is 5184833 prime?
True
Is 331208011 composite?
False
Is 45419007 a prime number?
False
Is 2173553 prime?
True
Is 576463 prime?
False
Is 1971241 a composite number?
False
Is 645686263 prime?
True
Is 185595467 a composite number?
True
Is 71788867 composite?
True
Is 179096689 a composite number?
True
Is 9300017 composite?
False
Is 242358737 prime?
False
Is 69561287 composite?
False
Is 49524079 composite?
True
Is 287059301 prime?
True
Is 1726513 a prime number?
True
Is 44111077 composite?
True
Is 347689411 a prime number?
False
Is 77273659 prime?
True
Is 8521 prime?
True
Is 51922537 a composite number?
True
Is 25195657 a prime number?
False
Is 11965622 prime?
False
Is 16143383 a composite number?
False
Is 4021349 composite?
False
Is 352839269 a prime number?
True
Is 55861769 a composite number?
True
Is 59238269 prime?
True
Is 5416877 prime?
False
Is 67759897 a prime number?
True
Is 3185657 composite?
True
Is 477673283 a prime number?
False
Is 531626803 a composite number?
False
Is 31480851 composite?
True
Is 347411543 composite?
False
Is 32790574 a prime number?
False
Is 3523213 prime?
False
Is 7257227 a composite number?
False
Is 38757493 a prime number?
True
Is 82944597 composite?
True
Is 26182367 a prime number?
True
Is 103028543 a prime number?
False
Is 75742273 composite?
False
Is 5237983 composite?
False
Is 72012431 a composite number?
False
Is 40338091 composite?
False
Is 17163463 composite?
False
Is 169312651 prime?
True
Is 839189 a prime number?
False
Is 1901947 prime?
True
Is 2084867 composite?
True
Is 35959933 composite?
False
Is 18579707 composite?
False
Is 1775819 prime?
True
Is 21180659 composite?
False
Is 6495919 composite?
False
Is 16706839 composite?
False
Is 3945727 a prime number?
True
Is 8361151 composite?
False
Is 6419429 prime?
False
Is 13918397 composite?
False
Is 3891379 a composite number?
False
Is 5286053 a composite number?
False
Is 21355823 a composite number?
False
Is 473983 composite?
True
Is 34527679 composite?
True
Is 1896119 composite?
True
Is 52751939 prime?
True
Is 1582213 a composite number?
True
Is 254650153 prime?
True
Is 251762321 composite?
False
Is 9652585 a composite number?
True
Is 1461330515 a composite number?
True
Is 596567329 a prime number?
True
Is 3077429 a prime number?
True
Is 16393397 composite?
False
Is 15233321 a prime number?
False
Is 23600959 a composite number?
False
Is 5315329 prime?
True
Is 13575361 a composite number?
False
Is 21092501 a composite number?
False
Is 8961113 composite?
True
Is 11775605 a prime number?
False
Is 4247833 composite?
True
Is 55538089 composite?
False
Is 3900219 composite?
True
Is 27629999 a composite number?
False
Is 1018859 a prime number?
True
Is 7293431 composite?
False
Is 3056519 composite?
False
Is 143053 a prime number?
True
Is 27975287 a composite number?
False
Is 28074253 a prime number?
False
Is 17260541 composite?
False
Is 208103783 a prime number?
False
Is 52908101 composite?
True
Is 78792473 prime?
True
Is 35611 composite?
True
Is 41535973 a prime number?
False
Is 1528519 composite?
True
Is 34805483 a composite number?
True
Is 191107913 a prime number?
True
Is 16302277 a composite number?
True
Is 3822333 prime?
False
Is 97421239 a prime number?
True
Is 1777889 a prime number?
False
Is 87466553 a composite number?
False
Is 147109499 a prime number?
True
Is 3788209 a prime number?
True
Is 29415611 a composite number?
True
Is 56983523 composite?
True
Is 7222903 composite?
False
Is 155089301 prime?
True
Is 6709783 a prime number?
True
Is 747449 a composite number?
False
Is 349883 a composite number?
True
Is 2830309 composite?
True
Is 18482843 composite?
False
Is 67125209 prime?
True
Is 108359891 a prime number?
True
Is 99473903 prime?
True
Is 6142319 composite?
True
Is 2043397 prime?
True
Is 7171957 prime?
False
Is 143850373 a composite number?
False
Is 15178993 composite?
False
Is 315880883 a prime number?
True
Is 119887729 a prime number?
False
Is 42339719 a composite number?
False
Is 17985463 a composite number?
False
Is 1272831557 prime?
True
Is 38063771 composite?
False
Is 302899 composite?
True
Is 1335157 a prime number?
True
Is 20222749 composite?
True
Is 43518611 a prime number?
True
Is 147221681 composite?
False
Is 1120333 a composite number?
True
Is 13186477 a composite number?
False
Is 698327 composite?
True
Is 4409933 prime?
False
Is 33612487 a composite number?
False
Is 2452297 a composite number?
False
Is 47248637 a prime number?
True
Is 20943253 composite?
False
Is 1260283 a composite number?
False
Is 40043 a prime number?
False
Is 3872347 a composite number?
True
Is 74506 composite?
True
Is 52094054 composite?
True
Is 164735983 a prime number?
True
Is 46539019 prime?
True
Is 3236159 prime?
False
Is 12363179 a prime number?
True
Is 9561061 a composite number?
False
Is 26208179 prime?
True
Is 2842078 a prime number?
False
Is 93823649 a composite number?
False
Is 9471521 composite?
False
Is 829607 composite?
True
Is 42103807 a prime number?
False
Is 92497103 composite?
False
Is 53776129 prime?
False
Is 1966007 a prime number?
True
Is 13824263 a prime number?
True
Is 2176357 composite?
True
Is 1453174991 prime?
True
Is 341423 prime?
True
Is 20727587 composite?
False
Is 2684579 a prime number?
False
Is 27564023 composite?
True
Is 2430947 a prime number?
True
Is 5995481 a prime number?
True
Is 245510471 prime?
True
Is 12880327 prime?
False
Is 216539509 a composite number?
True
Is 689411 composite?
False
Is 2118377 a prime number?
True
Is 3586963 prime?
False
Is 8689399 a composite number?
False
Is 76909163 prime?
True
Is 95261407 composite?
True
Is 9441571 a composite number?
False
Is 14209097 composite?
True
Is 51903097 prime?
True
Is 81898381 a prime nu